{"id":1289,"date":"2019-01-16T13:34:30","date_gmt":"2019-01-16T12:34:30","guid":{"rendered":"http:\/\/neu.mariobuerki.ch\/?post_type=avada_portfolio&#038;p=1289"},"modified":"2019-01-17T10:12:53","modified_gmt":"2019-01-17T09:12:53","slug":"chronos","status":"publish","type":"avada_portfolio","link":"https:\/\/www.mariobuerki.ch\/en\/portfolio\/chronos\/","title":{"rendered":"CHRONOS"},"content":{"rendered":"<div class=\"fusion-fullwidth fullwidth-box fusion-builder-row-1 nonhundred-percent-fullwidth non-hundred-percent-height-scrolling\" style=\"--awb-border-radius-top-left:0px;--awb-border-radius-top-right:0px;--awb-border-radius-bottom-right:0px;--awb-border-radius-bottom-left:0px;--awb-flex-wrap:wrap;\" ><div class=\"fusion-builder-row fusion-row\"><div class=\"fusion-layout-column fusion_builder_column fusion-builder-column-0 fusion_builder_column_1_2 1_2 fusion-one-half fusion-column-first\" style=\"--awb-bg-size:cover;--awb-margin-bottom:0px;width:48%; margin-right: 4%;\"><div class=\"fusion-column-wrapper fusion-flex-column-wrapper-legacy\"><div class=\"fusion-text fusion-text-1\"><p>Chronos ist in der griechischen Mythologie der Gott der Zeit. Er versinnbildlicht den Ablauf der Zeit und auch die Lebenszeit. Als H\u00fcter der Zeit sitzt er auf der Porta Vorchheimensis, welche dem Betrachter in 12 Bildern die wichtigsten Stationen der Forchheimer Geschichte er\u00f6ffnet. Das Hauptthema der Kompositon beschreibt Chronos, wie er majest\u00e4tisch auf dem Tor sitzt und \u00fcber die Zeit wacht. Das zweite Thema beschreibt die Zeit an sich: Mit stetem Puls rinnt der Sand der Zeit Korn um Korn. Wie sich die Zeit nicht anhalten oder beschleunigen l\u00e4sst, fliesst auch der 2.Teil meines Werkes kontinuierlich dahin. Doch der Eindruck t\u00e4uscht: Manchmal wird die Zeit als kurzlebig, manchmal als tr\u00e4ge war genommen. Und genau dar\u00fcber wacht Chronos, der Mann \u00fcber dem Tor der Zeit!<\/p>\n<\/div><div class=\"fusion-clearfix\"><\/div><\/div><\/div><div class=\"fusion-layout-column fusion_builder_column fusion-builder-column-1 fusion_builder_column_1_2 1_2 fusion-one-half fusion-column-last\" style=\"--awb-bg-size:cover;width:48%;\"><div class=\"fusion-column-wrapper fusion-flex-column-wrapper-legacy\"><div class=\"fusion-image-element fusion-image-align-center in-legacy-container\" style=\"text-align:center;--awb-caption-title-font-family:var(--h2_typography-font-family);--awb-caption-title-font-weight:var(--h2_typography-font-weight);--awb-caption-title-font-style:var(--h2_typography-font-style);--awb-caption-title-size:var(--h2_typography-font-size);--awb-caption-title-transform:var(--h2_typography-text-transform);--awb-caption-title-line-height:var(--h2_typography-line-height);--awb-caption-title-letter-spacing:var(--h2_typography-letter-spacing);\"><div class=\"imageframe-align-center\"><span class=\"fusion-imageframe imageframe-none imageframe-1 hover-type-none\"><img decoding=\"async\" width=\"400\" height=\"562\" title=\"chronos_wb-tb\" src=\"http:\/\/neu.mariobuerki.ch\/wp-content\/uploads\/2018\/08\/chronos_wb-tb.jpg\" alt class=\"img-responsive wp-image-1134\" srcset=\"https:\/\/www.mariobuerki.ch\/wp-content\/uploads\/2018\/08\/chronos_wb-tb-200x281.jpg 200w, https:\/\/www.mariobuerki.ch\/wp-content\/uploads\/2018\/08\/chronos_wb-tb.jpg 400w\" sizes=\"(max-width: 800px) 100vw, 400px\" \/><\/span><\/div><\/div><div class=\"fusion-sep-clear\"><\/div><div class=\"fusion-separator fusion-full-width-sep\" style=\"margin-left: auto;margin-right: auto;margin-top:10px;margin-bottom:10px;width:100%;\"><\/div><div class=\"fusion-sep-clear\"><\/div><div class=\"fusion-button-wrapper fusion-alignleft\"><a class=\"fusion-button button-flat fusion-button-default-size button-default fusion-button-default button-1 fusion-button-default-span fusion-button-default-type\" target=\"_blank\" rel=\"noopener noreferrer\" href=\"https:\/\/musikverlag-frank.ch\/userfiles\/files\/pdf\/HA\/chronos-der_mann_auf_dem_tor_wb.pdf\"><i class=\"fa-file-pdf far awb-button__icon awb-button__icon--default button-icon-left\" aria-hidden=\"true\"><\/i><span class=\"fusion-button-text awb-button__text awb-button__text--default\">Score<\/span><\/a><\/div><div class=\"fusion-sep-clear\"><\/div><div class=\"fusion-separator fusion-full-width-sep\" style=\"margin-left: auto;margin-right: auto;margin-top:40px;width:100%;\"><\/div><div class=\"fusion-sep-clear\"><\/div><div class=\"fusion-button-wrapper\"><a class=\"fusion-button button-flat fusion-button-default-size button-default fusion-button-default button-2 fusion-button-default-span fusion-button-default-type\" target=\"_blank\" rel=\"noopener noreferrer\" href=\"https:\/\/musikverlag-frank.ch\/userfiles\/files\/mp3\/WB\/neu-2017\/chronos_wb.mp3\"><i class=\"fa-volume-up fas awb-button__icon awb-button__icon--default button-icon-left\" aria-hidden=\"true\"><\/i><span class=\"fusion-button-text awb-button__text awb-button__text--default\">Audio<\/span><\/a><\/div><div class=\"fusion-sep-clear\"><\/div><div class=\"fusion-separator fusion-full-width-sep\" style=\"margin-left: auto;margin-right: auto;margin-top:10px;margin-bottom:10px;width:100%;\"><\/div><div class=\"fusion-sep-clear\"><\/div><div class=\"fusion-clearfix\"><\/div><\/div><\/div><\/div><\/div>","protected":false},"excerpt":{"rendered":"","protected":false},"author":1,"featured_media":1134,"menu_order":0,"comment_status":"open","ping_status":"closed","template":"","format":"standard","meta":{"footnotes":""},"portfolio_category":[186,179],"portfolio_skills":[170],"portfolio_tags":[191,190],"class_list":["post-1289","avada_portfolio","type-avada_portfolio","status-publish","format-standard","has-post-thumbnail","hentry","portfolio_category-concert-band","portfolio_category-grade-4","portfolio_skills-konzertwerk","portfolio_tags-eroeffnungswerk","portfolio_tags-konzertwerk"],"_links":{"self":[{"href":"https:\/\/www.mariobuerki.ch\/en\/wp-json\/wp\/v2\/avada_portfolio\/1289","targetHints":{"allow":["GET"]}}],"collection":[{"href":"https:\/\/www.mariobuerki.ch\/en\/wp-json\/wp\/v2\/avada_portfolio"}],"about":[{"href":"https:\/\/www.mariobuerki.ch\/en\/wp-json\/wp\/v2\/types\/avada_portfolio"}],"author":[{"embeddable":true,"href":"https:\/\/www.mariobuerki.ch\/en\/wp-json\/wp\/v2\/users\/1"}],"replies":[{"embeddable":true,"href":"https:\/\/www.mariobuerki.ch\/en\/wp-json\/wp\/v2\/comments?post=1289"}],"version-history":[{"count":1,"href":"https:\/\/www.mariobuerki.ch\/en\/wp-json\/wp\/v2\/avada_portfolio\/1289\/revisions"}],"predecessor-version":[{"id":1290,"href":"https:\/\/www.mariobuerki.ch\/en\/wp-json\/wp\/v2\/avada_portfolio\/1289\/revisions\/1290"}],"wp:featuredmedia":[{"embeddable":true,"href":"https:\/\/www.mariobuerki.ch\/en\/wp-json\/wp\/v2\/media\/1134"}],"wp:attachment":[{"href":"https:\/\/www.mariobuerki.ch\/en\/wp-json\/wp\/v2\/media?parent=1289"}],"wp:term":[{"taxonomy":"portfolio_category","embeddable":true,"href":"https:\/\/www.mariobuerki.ch\/en\/wp-json\/wp\/v2\/portfolio_category?post=1289"},{"taxonomy":"portfolio_skills","embeddable":true,"href":"https:\/\/www.mariobuerki.ch\/en\/wp-json\/wp\/v2\/portfolio_skills?post=1289"},{"taxonomy":"portfolio_tags","embeddable":true,"href":"https:\/\/www.mariobuerki.ch\/en\/wp-json\/wp\/v2\/portfolio_tags?post=1289"}],"curies":[{"name":"wp","href":"https:\/\/api.w.org\/{rel}","templated":true}]}}

<div class="fusion-fullwidth fullwidth-box fusion-builder-row-1 nonhundred-percent-fullwidth non-hundred-percent-height-scrolling" style="--awb-border-radius-top-left:0px;--awb-border-radius-top-right:0px;--awb-border-radius-bottom-right:0px;--awb-border-radius-bottom-left:0px;--awb-flex-wrap:wrap;" ><div class="fusion-builder-row fusion-row"><div class="fusion-layout-column fusion_builder_column fusion-builder-column-0 fusion_builder_column_1_2 1_2 fusion-one-half fusion-column-first" style="--awb-bg-size:cover;--awb-margin-bottom:0px;width:48%; margin-right: 4%;"><div class="fusion-column-wrapper fusion-flex-column-wrapper-legacy"><div class="fusion-text fusion-text-1"><p>Chronos ist in der griechischen Mythologie der Gott der Zeit. Er versinnbildlicht den Ablauf der Zeit und auch die Lebenszeit. Als Hüter der Zeit sitzt er auf der Porta Vorchheimensis, welche dem Betrachter in 12 Bildern die wichtigsten Stationen der Forchheimer Geschichte eröffnet. Das Hauptthema der Kompositon beschreibt Chronos, wie er majestätisch auf dem Tor sitzt und über die Zeit wacht. Das zweite Thema beschreibt die Zeit an sich: Mit stetem Puls rinnt der Sand der Zeit Korn um Korn. Wie sich die Zeit nicht anhalten oder beschleunigen lässt, fliesst auch der 2.Teil meines Werkes kontinuierlich dahin. Doch der Eindruck täuscht: Manchmal wird die Zeit als kurzlebig, manchmal als träge war genommen. Und genau darüber wacht Chronos, der Mann über dem Tor der Zeit!</p>
</div><div class="fusion-clearfix"></div></div></div><div class="fusion-layout-column fusion_builder_column fusion-builder-column-1 fusion_builder_column_1_2 1_2 fusion-one-half fusion-column-last" style="--awb-bg-size:cover;width:48%;"><div class="fusion-column-wrapper fusion-flex-column-wrapper-legacy"><div class="fusion-image-element fusion-image-align-center in-legacy-container" style="text-align:center;--awb-caption-title-font-family:var(--h2_typography-font-family);--awb-caption-title-font-weight:var(--h2_typography-font-weight);--awb-caption-title-font-style:var(--h2_typography-font-style);--awb-caption-title-size:var(--h2_typography-font-size);--awb-caption-title-transform:var(--h2_typography-text-transform);--awb-caption-title-line-height:var(--h2_typography-line-height);--awb-caption-title-letter-spacing:var(--h2_typography-letter-spacing);"><div class="imageframe-align-center"><span class="fusion-imageframe imageframe-none imageframe-1 hover-type-none"><img decoding="async" width="400" height="562" title="chronos_wb-tb" src="http://neu.mariobuerki.ch/wp-content/uploads/2018/08/chronos_wb-tb.jpg" alt class="img-responsive wp-image-1134" srcset="https://www.mariobuerki.ch/wp-content/uploads/2018/08/chronos_wb-tb-200x281.jpg 200w, https://www.mariobuerki.ch/wp-content/uploads/2018/08/chronos_wb-tb.jpg 400w" sizes="(max-width: 800px) 100vw, 400px" /></span></div></div><div class="fusion-sep-clear"></div><div class="fusion-separator fusion-full-width-sep" style="margin-left: auto;margin-right: auto;margin-top:10px;margin-bottom:10px;width:100%;"></div><div class="fusion-sep-clear"></div><div class="fusion-button-wrapper fusion-alignleft"><a class="fusion-button button-flat fusion-button-default-size button-default fusion-button-default button-1 fusion-button-default-span fusion-button-default-type" target="_blank" rel="noopener noreferrer" href="https://musikverlag-frank.ch/userfiles/files/pdf/HA/chronos-der_mann_auf_dem_tor_wb.pdf"><i class="fa-file-pdf far awb-button__icon awb-button__icon--default button-icon-left" aria-hidden="true"></i><span class="fusion-button-text awb-button__text awb-button__text--default">Score</span></a></div><div class="fusion-sep-clear"></div><div class="fusion-separator fusion-full-width-sep" style="margin-left: auto;margin-right: auto;margin-top:40px;width:100%;"></div><div class="fusion-sep-clear"></div><div class="fusion-button-wrapper"><a class="fusion-button button-flat fusion-button-default-size button-default fusion-button-default button-2 fusion-button-default-span fusion-button-default-type" target="_blank" rel="noopener noreferrer" href="https://musikverlag-frank.ch/userfiles/files/mp3/WB/neu-2017/chronos_wb.mp3"><i class="fa-volume-up fas awb-button__icon awb-button__icon--default button-icon-left" aria-hidden="true"></i><span class="fusion-button-text awb-button__text awb-button__text--default">Audio</span></a></div><div class="fusion-sep-clear"></div><div class="fusion-separator fusion-full-width-sep" style="margin-left: auto;margin-right: auto;margin-top:10px;margin-bottom:10px;width:100%;"></div><div class="fusion-sep-clear"></div><div class="fusion-clearfix"></div></div></div></div></div>
