{"id":1388,"date":"2019-01-16T17:20:18","date_gmt":"2019-01-16T16:20:18","guid":{"rendered":"http:\/\/neu.mariobuerki.ch\/?post_type=avada_portfolio&#038;p=1388"},"modified":"2019-01-17T10:03:22","modified_gmt":"2019-01-17T09:03:22","slug":"fight-for-liberty","status":"publish","type":"avada_portfolio","link":"https:\/\/www.mariobuerki.ch\/en\/portfolio\/fight-for-liberty\/","title":{"rendered":"FIGHT FOR LIBERTY"},"content":{"rendered":"<div class=\"fusion-fullwidth fullwidth-box fusion-builder-row-1 nonhundred-percent-fullwidth non-hundred-percent-height-scrolling\" style=\"--awb-border-radius-top-left:0px;--awb-border-radius-top-right:0px;--awb-border-radius-bottom-right:0px;--awb-border-radius-bottom-left:0px;--awb-flex-wrap:wrap;\" ><div class=\"fusion-builder-row fusion-row\"><div class=\"fusion-layout-column fusion_builder_column fusion-builder-column-0 fusion_builder_column_1_2 1_2 fusion-one-half fusion-column-first\" style=\"--awb-bg-size:cover;--awb-margin-bottom:0px;width:48%; margin-right: 4%;\"><div class=\"fusion-column-wrapper fusion-flex-column-wrapper-legacy\"><div class=\"fusion-text fusion-text-1\"><p>Das Werk FIGHT FOR LIBERTY, eine Auftragskomposition der Brass Band Fr\u00f6schl Hall,<br \/>\nbasiert auf einigen historischen Gegebenheiten des Tiroler Freiheitskampfes um 1809.<br \/>\nIm folgenden eine kurze Zusammenstellung der damaligen Ereignissen: Der Tiroler<br \/>\nFreiheitskampf 1809 &#8211; Die Tiroler Bev\u00f6lkerung war tiefgl\u00e4ubig und hing an ihren<br \/>\nBr\u00e4uchen (Wallfahrten, Wetterl\u00e4uten, Christmesse,&#8230;). Dies alles wurde den Tirolern<br \/>\nverboten. So r\u00fcsteten sich die Tiroler zum Befreiungskrieg. 11.April, erste Berg-Isel<br \/>\nSchlacht: Tiroler Truppen griffen von allen Seiten Innsbruck an. Am 12. April war Tirol<br \/>\nfrei! Ihr Anf\u00fchrer hie\u00df Andreas Hofer, Sandwirt zu Leonhard im Passeier. Der<br \/>\nfranz\u00f6sische Kaiser Napoleon f\u00fchrte Krieg gegen \u00c3&#8220;sterreich. 19.Mai: Der franz\u00f6sische<br \/>\nKommandant Lefebvre zog in Innsbruck ein. 25.Mai: Andreas Hofer schickte L\u00e4ufer in<br \/>\nalle T\u00e4ler Tirols und rief zum Aufstand auf. Der neue Angriffstag war der 25.Mai. 29.Mai,<br \/>\nzweite Berg-Isel Schlacht: Andreas Hofer, Pater Joachim Haspinger und Speckbacher<br \/>\nst\u00fcrmten den Berg Isel. (Hofer erbittet Gottes Hilfe am Herz Jesu Fest). Wegen der<br \/>\ngro\u00dfen Verluste flohen die Feinde in der Nacht. Tirol war zum zweiten Mal frei. Am<br \/>\n30.Juli kam Lefebvre zur\u00fcck, wurde aber an der Pontlatzer Br\u00fccke (Prutz) und bei<br \/>\nFranzensfeste (S\u00fcdtirol) vernichtend geschlagen. 13.August, dritte Berg-Isel Schlacht:<br \/>\nPeter Mahr, Wirt an der Mahr, Speckbacher und Haspinger schlugen die Truppen des<br \/>\nMarschalls. In der Nacht vom 14. auf den 15. August zog Lefebvre von Innsbruck ab.<br \/>\nAndreas Hofer zog am 15.August in der Hofburg ein. Seine Sorgen waren gross. Der<br \/>\n\u00f6sterreichische Kaiser schloss mit Napoleon den Frieden. Tirol fiel abermals an die<br \/>\nBayern. In den Allerheiligenn\u00e4chten kam es zu den letzten K\u00e4mpfen um Innsbruck.<br \/>\nAndreas Hofer verlor und fl\u00fcchtete auf die Pfandlalm. Der Bauer Raffl verriet Hofer an<br \/>\ndie Feinde. Diese nahmen Hofer gefangen und f\u00fchrten ihn nach Mantua. Am 20.Februar<br \/>\n1810 wurde er dort erschossen. Der Anfang (Takte 1 &#8211; 66) versinnbildlicht die<br \/>\nHerrschaft Napoleons: mit Fanfaren und pomp\u00f6sen Kl\u00e4ngen wird die Macht des<br \/>\nKriegsherrn dargestellt, die \u00fcber lange Zeit ungebremste Herrschaft des franz\u00f6sischen<br \/>\nReiches. Der darauf folgende ruhige Teil (Takte 66 &#8211; 80) stellt das tiefgl\u00e4ubige und<br \/>\nbrauchtumreiche Tirol dar. Da den Tirolern nun Verbote \u00fcber ihre Br\u00e4uche und Glauben<br \/>\nauferlegt wurden, baut sich nun eine Unruhe auf (Takte 80 &#8211; 112), ihre Kampflust f\u00fcr<br \/>\neinen Befreiungsschlag wird geweckt (Takte 80 &#8211; 140). In dem folgenden Teil werden die<br \/>\ndrei Berg-Isel Schlachten unter dem Anf\u00fchrer Andreas Hofer (Takte 140 &#8211; 347)<br \/>\ndargestellt. Im Leggiero Teil (ab Takt 347) zieht Andreas Hofer in der Hofburg zu<br \/>\nInnsbruck ein. Ab Takt 381 kommt es zu den letzten K\u00e4mpfen. In den 4 Takten vor 409<br \/>\ngibt Andreas Hofer auf und fl\u00fcchtet in die vermeintliche Sicherheit der Pfandlalm. Er wird<br \/>\nvon Bauer Raffl verraten und ab Takt 435 von den Franzosen gefangen. Der<br \/>\nSchlussschlag der grossen Trommel stellt den Schuss dar, mit welchem Andreas Hofer<br \/>\nerschossen wird.<\/p>\n<\/div><div class=\"fusion-clearfix\"><\/div><\/div><\/div><div class=\"fusion-layout-column fusion_builder_column fusion-builder-column-1 fusion_builder_column_1_2 1_2 fusion-one-half fusion-column-last\" style=\"--awb-bg-size:cover;width:48%;\"><div class=\"fusion-column-wrapper fusion-flex-column-wrapper-legacy\"><div class=\"fusion-image-element fusion-image-align-center in-legacy-container\" style=\"text-align:center;--awb-caption-title-font-family:var(--h2_typography-font-family);--awb-caption-title-font-weight:var(--h2_typography-font-weight);--awb-caption-title-font-style:var(--h2_typography-font-style);--awb-caption-title-size:var(--h2_typography-font-size);--awb-caption-title-transform:var(--h2_typography-text-transform);--awb-caption-title-line-height:var(--h2_typography-line-height);--awb-caption-title-letter-spacing:var(--h2_typography-letter-spacing);\"><div class=\"imageframe-align-center\"><span class=\"fusion-imageframe imageframe-none imageframe-1 hover-type-none\"><img decoding=\"async\" width=\"400\" height=\"565\" title=\"Fight_for_liberty_WB-A3\" src=\"http:\/\/neu.mariobuerki.ch\/wp-content\/uploads\/2018\/08\/Fight_for_liberty_WB-A3-1.jpg\" alt class=\"img-responsive wp-image-1137\" srcset=\"https:\/\/www.mariobuerki.ch\/wp-content\/uploads\/2018\/08\/Fight_for_liberty_WB-A3-1-200x283.jpg 200w, https:\/\/www.mariobuerki.ch\/wp-content\/uploads\/2018\/08\/Fight_for_liberty_WB-A3-1.jpg 400w\" sizes=\"(max-width: 800px) 100vw, 400px\" \/><\/span><\/div><\/div><div class=\"fusion-sep-clear\"><\/div><div class=\"fusion-separator fusion-full-width-sep\" style=\"margin-left: auto;margin-right: auto;margin-top:10px;margin-bottom:10px;width:100%;\"><\/div><div class=\"fusion-sep-clear\"><\/div><div class=\"fusion-button-wrapper fusion-alignleft\"><a class=\"fusion-button button-flat fusion-button-default-size button-default fusion-button-default button-1 fusion-button-default-span fusion-button-default-type\" target=\"_blank\" rel=\"noopener noreferrer\" href=\"https:\/\/musikverlag-frank.ch\/userfiles\/files\/pdf\/HA\/fight-for-liberty-wb.pdf\"><i class=\"fa-file-pdf far awb-button__icon awb-button__icon--default button-icon-left\" aria-hidden=\"true\"><\/i><span class=\"fusion-button-text awb-button__text awb-button__text--default\">Score<\/span><\/a><\/div><div class=\"fusion-sep-clear\"><\/div><div class=\"fusion-separator fusion-full-width-sep\" style=\"margin-left: auto;margin-right: auto;margin-top:40px;width:100%;\"><\/div><div class=\"fusion-sep-clear\"><\/div><div class=\"fusion-button-wrapper\"><a class=\"fusion-button button-flat fusion-button-default-size button-default fusion-button-default button-2 fusion-button-default-span fusion-button-default-type\" target=\"_blank\" rel=\"noopener noreferrer\" href=\"https:\/\/musikverlag-frank.ch\/userfiles\/files\/mp3\/WB\/neu-2014-02-10\/fight-for-liberty_wb-live.mp3\"><i class=\"fa-volume-up fas awb-button__icon awb-button__icon--default button-icon-left\" aria-hidden=\"true\"><\/i><span class=\"fusion-button-text awb-button__text awb-button__text--default\">Audio<\/span><\/a><\/div><div class=\"fusion-sep-clear\"><\/div><div class=\"fusion-separator fusion-full-width-sep\" style=\"margin-left: auto;margin-right: auto;margin-top:10px;margin-bottom:10px;width:100%;\"><\/div><div class=\"fusion-sep-clear\"><\/div><div class=\"fusion-video fusion-youtube\" style=\"--awb-max-width:600px;--awb-max-height:360px;\"><div class=\"video-shortcode\"><div class=\"fluid-width-video-wrapper\" style=\"padding-top:60%;\" ><iframe title=\"YouTube video player 1\" src=\"https:\/\/www.youtube.com\/embed\/IEUTYpQgz94?wmode=transparent&autoplay=0\" width=\"600\" height=\"360\" allowfullscreen allow=\"autoplay; clipboard-write; encrypted-media; gyroscope; picture-in-picture;\"><\/iframe><\/div><\/div><\/div><div class=\"fusion-clearfix\"><\/div><\/div><\/div><\/div><\/div>","protected":false},"excerpt":{"rendered":"","protected":false},"author":1,"featured_media":1137,"menu_order":0,"comment_status":"open","ping_status":"closed","template":"","format":"standard","meta":{"footnotes":""},"portfolio_category":[186,178],"portfolio_skills":[170],"portfolio_tags":[190],"class_list":["post-1388","avada_portfolio","type-avada_portfolio","status-publish","format-standard","has-post-thumbnail","hentry","portfolio_category-concert-band","portfolio_category-grade-5","portfolio_skills-konzertwerk","portfolio_tags-konzertwerk"],"_links":{"self":[{"href":"https:\/\/www.mariobuerki.ch\/en\/wp-json\/wp\/v2\/avada_portfolio\/1388","targetHints":{"allow":["GET"]}}],"collection":[{"href":"https:\/\/www.mariobuerki.ch\/en\/wp-json\/wp\/v2\/avada_portfolio"}],"about":[{"href":"https:\/\/www.mariobuerki.ch\/en\/wp-json\/wp\/v2\/types\/avada_portfolio"}],"author":[{"embeddable":true,"href":"https:\/\/www.mariobuerki.ch\/en\/wp-json\/wp\/v2\/users\/1"}],"replies":[{"embeddable":true,"href":"https:\/\/www.mariobuerki.ch\/en\/wp-json\/wp\/v2\/comments?post=1388"}],"version-history":[{"count":1,"href":"https:\/\/www.mariobuerki.ch\/en\/wp-json\/wp\/v2\/avada_portfolio\/1388\/revisions"}],"predecessor-version":[{"id":1389,"href":"https:\/\/www.mariobuerki.ch\/en\/wp-json\/wp\/v2\/avada_portfolio\/1388\/revisions\/1389"}],"wp:featuredmedia":[{"embeddable":true,"href":"https:\/\/www.mariobuerki.ch\/en\/wp-json\/wp\/v2\/media\/1137"}],"wp:attachment":[{"href":"https:\/\/www.mariobuerki.ch\/en\/wp-json\/wp\/v2\/media?parent=1388"}],"wp:term":[{"taxonomy":"portfolio_category","embeddable":true,"href":"https:\/\/www.mariobuerki.ch\/en\/wp-json\/wp\/v2\/portfolio_category?post=1388"},{"taxonomy":"portfolio_skills","embeddable":true,"href":"https:\/\/www.mariobuerki.ch\/en\/wp-json\/wp\/v2\/portfolio_skills?post=1388"},{"taxonomy":"portfolio_tags","embeddable":true,"href":"https:\/\/www.mariobuerki.ch\/en\/wp-json\/wp\/v2\/portfolio_tags?post=1388"}],"curies":[{"name":"wp","href":"https:\/\/api.w.org\/{rel}","templated":true}]}}

<div class="fusion-fullwidth fullwidth-box fusion-builder-row-1 nonhundred-percent-fullwidth non-hundred-percent-height-scrolling" style="--awb-border-radius-top-left:0px;--awb-border-radius-top-right:0px;--awb-border-radius-bottom-right:0px;--awb-border-radius-bottom-left:0px;--awb-flex-wrap:wrap;" ><div class="fusion-builder-row fusion-row"><div class="fusion-layout-column fusion_builder_column fusion-builder-column-0 fusion_builder_column_1_2 1_2 fusion-one-half fusion-column-first" style="--awb-bg-size:cover;--awb-margin-bottom:0px;width:48%; margin-right: 4%;"><div class="fusion-column-wrapper fusion-flex-column-wrapper-legacy"><div class="fusion-text fusion-text-1"><p>Das Werk FIGHT FOR LIBERTY, eine Auftragskomposition der Brass Band Fröschl Hall,<br />
basiert auf einigen historischen Gegebenheiten des Tiroler Freiheitskampfes um 1809.<br />
Im folgenden eine kurze Zusammenstellung der damaligen Ereignissen: Der Tiroler<br />
Freiheitskampf 1809 &#8211; Die Tiroler Bevölkerung war tiefgläubig und hing an ihren<br />
Bräuchen (Wallfahrten, Wetterläuten, Christmesse,&#8230;). Dies alles wurde den Tirolern<br />
verboten. So rüsteten sich die Tiroler zum Befreiungskrieg. 11.April, erste Berg-Isel<br />
Schlacht: Tiroler Truppen griffen von allen Seiten Innsbruck an. Am 12. April war Tirol<br />
frei! Ihr Anführer hieß Andreas Hofer, Sandwirt zu Leonhard im Passeier. Der<br />
französische Kaiser Napoleon führte Krieg gegen Ã&#8220;sterreich. 19.Mai: Der französische<br />
Kommandant Lefebvre zog in Innsbruck ein. 25.Mai: Andreas Hofer schickte Läufer in<br />
alle Täler Tirols und rief zum Aufstand auf. Der neue Angriffstag war der 25.Mai. 29.Mai,<br />
zweite Berg-Isel Schlacht: Andreas Hofer, Pater Joachim Haspinger und Speckbacher<br />
stürmten den Berg Isel. (Hofer erbittet Gottes Hilfe am Herz Jesu Fest). Wegen der<br />
großen Verluste flohen die Feinde in der Nacht. Tirol war zum zweiten Mal frei. Am<br />
30.Juli kam Lefebvre zurück, wurde aber an der Pontlatzer Brücke (Prutz) und bei<br />
Franzensfeste (Südtirol) vernichtend geschlagen. 13.August, dritte Berg-Isel Schlacht:<br />
Peter Mahr, Wirt an der Mahr, Speckbacher und Haspinger schlugen die Truppen des<br />
Marschalls. In der Nacht vom 14. auf den 15. August zog Lefebvre von Innsbruck ab.<br />
Andreas Hofer zog am 15.August in der Hofburg ein. Seine Sorgen waren gross. Der<br />
österreichische Kaiser schloss mit Napoleon den Frieden. Tirol fiel abermals an die<br />
Bayern. In den Allerheiligennächten kam es zu den letzten Kämpfen um Innsbruck.<br />
Andreas Hofer verlor und flüchtete auf die Pfandlalm. Der Bauer Raffl verriet Hofer an<br />
die Feinde. Diese nahmen Hofer gefangen und führten ihn nach Mantua. Am 20.Februar<br />
1810 wurde er dort erschossen. Der Anfang (Takte 1 &#8211; 66) versinnbildlicht die<br />
Herrschaft Napoleons: mit Fanfaren und pompösen Klängen wird die Macht des<br />
Kriegsherrn dargestellt, die über lange Zeit ungebremste Herrschaft des französischen<br />
Reiches. Der darauf folgende ruhige Teil (Takte 66 &#8211; 80) stellt das tiefgläubige und<br />
brauchtumreiche Tirol dar. Da den Tirolern nun Verbote über ihre Bräuche und Glauben<br />
auferlegt wurden, baut sich nun eine Unruhe auf (Takte 80 &#8211; 112), ihre Kampflust für<br />
einen Befreiungsschlag wird geweckt (Takte 80 &#8211; 140). In dem folgenden Teil werden die<br />
drei Berg-Isel Schlachten unter dem Anführer Andreas Hofer (Takte 140 &#8211; 347)<br />
dargestellt. Im Leggiero Teil (ab Takt 347) zieht Andreas Hofer in der Hofburg zu<br />
Innsbruck ein. Ab Takt 381 kommt es zu den letzten Kämpfen. In den 4 Takten vor 409<br />
gibt Andreas Hofer auf und flüchtet in die vermeintliche Sicherheit der Pfandlalm. Er wird<br />
von Bauer Raffl verraten und ab Takt 435 von den Franzosen gefangen. Der<br />
Schlussschlag der grossen Trommel stellt den Schuss dar, mit welchem Andreas Hofer<br />
erschossen wird.</p>
</div><div class="fusion-clearfix"></div></div></div><div class="fusion-layout-column fusion_builder_column fusion-builder-column-1 fusion_builder_column_1_2 1_2 fusion-one-half fusion-column-last" style="--awb-bg-size:cover;width:48%;"><div class="fusion-column-wrapper fusion-flex-column-wrapper-legacy"><div class="fusion-image-element fusion-image-align-center in-legacy-container" style="text-align:center;--awb-caption-title-font-family:var(--h2_typography-font-family);--awb-caption-title-font-weight:var(--h2_typography-font-weight);--awb-caption-title-font-style:var(--h2_typography-font-style);--awb-caption-title-size:var(--h2_typography-font-size);--awb-caption-title-transform:var(--h2_typography-text-transform);--awb-caption-title-line-height:var(--h2_typography-line-height);--awb-caption-title-letter-spacing:var(--h2_typography-letter-spacing);"><div class="imageframe-align-center"><span class="fusion-imageframe imageframe-none imageframe-1 hover-type-none"><img decoding="async" width="400" height="565" title="Fight_for_liberty_WB-A3" src="http://neu.mariobuerki.ch/wp-content/uploads/2018/08/Fight_for_liberty_WB-A3-1.jpg" alt class="img-responsive wp-image-1137" srcset="https://www.mariobuerki.ch/wp-content/uploads/2018/08/Fight_for_liberty_WB-A3-1-200x283.jpg 200w, https://www.mariobuerki.ch/wp-content/uploads/2018/08/Fight_for_liberty_WB-A3-1.jpg 400w" sizes="(max-width: 800px) 100vw, 400px" /></span></div></div><div class="fusion-sep-clear"></div><div class="fusion-separator fusion-full-width-sep" style="margin-left: auto;margin-right: auto;margin-top:10px;margin-bottom:10px;width:100%;"></div><div class="fusion-sep-clear"></div><div class="fusion-button-wrapper fusion-alignleft"><a class="fusion-button button-flat fusion-button-default-size button-default fusion-button-default button-1 fusion-button-default-span fusion-button-default-type" target="_blank" rel="noopener noreferrer" href="https://musikverlag-frank.ch/userfiles/files/pdf/HA/fight-for-liberty-wb.pdf"><i class="fa-file-pdf far awb-button__icon awb-button__icon--default button-icon-left" aria-hidden="true"></i><span class="fusion-button-text awb-button__text awb-button__text--default">Score</span></a></div><div class="fusion-sep-clear"></div><div class="fusion-separator fusion-full-width-sep" style="margin-left: auto;margin-right: auto;margin-top:40px;width:100%;"></div><div class="fusion-sep-clear"></div><div class="fusion-button-wrapper"><a class="fusion-button button-flat fusion-button-default-size button-default fusion-button-default button-2 fusion-button-default-span fusion-button-default-type" target="_blank" rel="noopener noreferrer" href="https://musikverlag-frank.ch/userfiles/files/mp3/WB/neu-2014-02-10/fight-for-liberty_wb-live.mp3"><i class="fa-volume-up fas awb-button__icon awb-button__icon--default button-icon-left" aria-hidden="true"></i><span class="fusion-button-text awb-button__text awb-button__text--default">Audio</span></a></div><div class="fusion-sep-clear"></div><div class="fusion-separator fusion-full-width-sep" style="margin-left: auto;margin-right: auto;margin-top:10px;margin-bottom:10px;width:100%;"></div><div class="fusion-sep-clear"></div><div class="fusion-video fusion-youtube" style="--awb-max-width:600px;--awb-max-height:360px;"><div class="video-shortcode"><div class="fluid-width-video-wrapper" style="padding-top:60%;" ><iframe title="YouTube video player 1" src="https://www.youtube.com/embed/IEUTYpQgz94?wmode=transparent&autoplay=0" width="600" height="360" allowfullscreen allow="autoplay; clipboard-write; encrypted-media; gyroscope; picture-in-picture;"></iframe></div></div></div><div class="fusion-clearfix"></div></div></div></div></div>
