{"id":2377,"date":"2022-11-16T15:48:29","date_gmt":"2022-11-16T14:48:29","guid":{"rendered":"https:\/\/www.mariobuerki.ch\/?post_type=avada_portfolio&#038;p=2377"},"modified":"2023-10-06T11:49:38","modified_gmt":"2023-10-06T09:49:38","slug":"utinam","status":"publish","type":"avada_portfolio","link":"https:\/\/www.mariobuerki.ch\/en\/portfolio\/utinam\/","title":{"rendered":"UTINAM"},"content":{"rendered":"<div class=\"fusion-fullwidth fullwidth-box fusion-builder-row-1 nonhundred-percent-fullwidth non-hundred-percent-height-scrolling\" style=\"--awb-border-radius-top-left:0px;--awb-border-radius-top-right:0px;--awb-border-radius-bottom-right:0px;--awb-border-radius-bottom-left:0px;--awb-flex-wrap:wrap;\" ><div class=\"fusion-builder-row fusion-row\"><div class=\"fusion-layout-column fusion_builder_column fusion-builder-column-0 fusion_builder_column_1_2 1_2 fusion-one-half fusion-column-first\" style=\"--awb-bg-size:cover;--awb-margin-bottom:0px;width:48%; margin-right: 4%;\"><div class=\"fusion-column-wrapper fusion-flex-column-wrapper-legacy\"><div class=\"fusion-text fusion-text-1\"><p>UTINAM ist das lateinische Motto der Stadt Besan\u00e7on und bedeutet \u00abwenn nur\u00bb \u00aballes gut wird\u00bb. Das Werk entstand 2021 im Auftrag des Orchestre d\u2019harmonie municipal de Besan\u00e7on und ihrem Dirigenten Daniel Rollet aus Anlass des 80 Geburtstags des Orchesters. Das Werk beschreibt in 5 S\u00e4tzen einige Station der Geschichte des Musikvereins:<br \/>\n1. Satz<br \/>\nWir sind mitten im zweiten Weltkrieg. Die Atmosph\u00e4re ist Dunkel. Und Doch, 1941 wird der Musikverein Orchestre d\u2019harmonie municipal de Besan\u00e7on gegr\u00fcndet. Wir h\u00f6ren die typischen Kriegsger\u00e4usche wie Marschierende Truppen, Bombeneinschl\u00e4ge. Besan\u00e7on wird jedoch von den Allierten befreit.<\/p>\n<p>2. Satz<br \/>\nFrieden. Es herrscht der Wiederaufbau, der Fortschritt, das Vergessen des Krieges, die 30 glorreichen Jahre beginnen.<\/p>\n<p>3. Satz<br \/>\nDie \u00d6lkrise beginnt. In der Uhrenfabrik LIP beginnt der grosse Streik. Es beginnt die unkalkulierbare Zeit der Arbeitslosigkeit.<\/p>\n<p>4. Satz<br \/>\nDas Orchester nimmt an einem Wettbewerb teil. Eines der gespielten St\u00fccke ist eine der Suiten von Holst. Das Orchester gewinnt einen Preis! Sie feiern ein grosses Fest!<\/p>\n<p>5. Satz<br \/>\nDieser Satz ist der Jugend des Orchesters gewidmet: Mit vielen Einfl\u00fcssen aus dem Jazz wirkt dieser Satz offen und modern. Die Blasmusik ist immer noch attraktiv f\u00fcr junge Leute!<\/p>\n<\/div><div class=\"fusion-video fusion-youtube fusion-aligncenter\" style=\"--awb-max-width:600px;--awb-max-height:360px;--awb-width:100%;\"><div class=\"video-shortcode\"><div class=\"fluid-width-video-wrapper\" style=\"padding-top:60%;\" ><iframe title=\"YouTube video player 1\" src=\"https:\/\/www.youtube.com\/embed\/SHfSLM2SpEU?wmode=transparent&autoplay=0\" width=\"600\" height=\"360\" allowfullscreen allow=\"autoplay; clipboard-write; encrypted-media; gyroscope; picture-in-picture;\"><\/iframe><\/div><\/div><\/div><div class=\"fusion-clearfix\"><\/div><\/div><\/div><div class=\"fusion-layout-column fusion_builder_column fusion-builder-column-1 fusion_builder_column_1_2 1_2 fusion-one-half fusion-column-last\" style=\"--awb-bg-size:cover;width:48%;\"><div class=\"fusion-column-wrapper fusion-flex-column-wrapper-legacy\"><div class=\"fusion-image-element fusion-image-align-center in-legacy-container\" style=\"text-align:center;--awb-caption-title-font-family:var(--h2_typography-font-family);--awb-caption-title-font-weight:var(--h2_typography-font-weight);--awb-caption-title-font-style:var(--h2_typography-font-style);--awb-caption-title-size:var(--h2_typography-font-size);--awb-caption-title-transform:var(--h2_typography-text-transform);--awb-caption-title-line-height:var(--h2_typography-line-height);--awb-caption-title-letter-spacing:var(--h2_typography-letter-spacing);\"><div class=\"imageframe-align-center\"><span class=\"fusion-imageframe imageframe-none imageframe-1 hover-type-none\"><img decoding=\"async\" width=\"729\" height=\"1019\" title=\"utinam_wb-tb\" src=\"https:\/\/www.mariobuerki.ch\/wp-content\/uploads\/2022\/11\/utinam_wb-tb.jpg\" alt class=\"img-responsive wp-image-2378\" srcset=\"https:\/\/www.mariobuerki.ch\/wp-content\/uploads\/2022\/11\/utinam_wb-tb-200x280.jpg 200w, https:\/\/www.mariobuerki.ch\/wp-content\/uploads\/2022\/11\/utinam_wb-tb-400x559.jpg 400w, https:\/\/www.mariobuerki.ch\/wp-content\/uploads\/2022\/11\/utinam_wb-tb-600x839.jpg 600w, https:\/\/www.mariobuerki.ch\/wp-content\/uploads\/2022\/11\/utinam_wb-tb.jpg 729w\" sizes=\"(max-width: 800px) 100vw, 600px\" \/><\/span><\/div><\/div><div class=\"fusion-sep-clear\"><\/div><div class=\"fusion-separator fusion-full-width-sep\" style=\"margin-left: auto;margin-right: auto;margin-top:10px;margin-bottom:10px;width:100%;\"><\/div><div class=\"fusion-sep-clear\"><\/div><div class=\"fusion-button-wrapper\"><a class=\"fusion-button button-flat fusion-button-default-size button-default fusion-button-default button-1 fusion-button-default-span fusion-button-default-type\" target=\"_blank\" rel=\"noopener noreferrer\" href=\"https:\/\/musikverlag-frank.ch\/userfiles\/files\/pdf\/01mf-bb-wb\/utinam_wb_demo.pdf\"><i class=\"fa-file-pdf far awb-button__icon awb-button__icon--default button-icon-left\" aria-hidden=\"true\"><\/i><span class=\"fusion-button-text awb-button__text awb-button__text--default\">Score<\/span><\/a><\/div><div class=\"fusion-button-wrapper\"><a class=\"fusion-button button-flat fusion-button-default-size button-default fusion-button-default button-2 fusion-button-default-span fusion-button-default-type\" target=\"_blank\" rel=\"noopener noreferrer\" href=\"https:\/\/musikverlag-frank.ch\/userfiles\/files\/mp3\/01mf-bb-wb\/utinam_wb.mp3\"><i class=\"fa-volume-up fas awb-button__icon awb-button__icon--default button-icon-left\" aria-hidden=\"true\"><\/i><span class=\"fusion-button-text awb-button__text awb-button__text--default\">Audio<\/span><\/a><\/div><div class=\"fusion-clearfix\"><\/div><\/div><\/div><\/div><\/div>","protected":false},"excerpt":{"rendered":"","protected":false},"author":1,"featured_media":2378,"menu_order":0,"comment_status":"open","ping_status":"closed","template":"","format":"standard","meta":{"footnotes":""},"portfolio_category":[186,179],"portfolio_skills":[170],"portfolio_tags":[],"class_list":["post-2377","avada_portfolio","type-avada_portfolio","status-publish","format-standard","has-post-thumbnail","hentry","portfolio_category-concert-band","portfolio_category-grade-4","portfolio_skills-konzertwerk"],"_links":{"self":[{"href":"https:\/\/www.mariobuerki.ch\/en\/wp-json\/wp\/v2\/avada_portfolio\/2377","targetHints":{"allow":["GET"]}}],"collection":[{"href":"https:\/\/www.mariobuerki.ch\/en\/wp-json\/wp\/v2\/avada_portfolio"}],"about":[{"href":"https:\/\/www.mariobuerki.ch\/en\/wp-json\/wp\/v2\/types\/avada_portfolio"}],"author":[{"embeddable":true,"href":"https:\/\/www.mariobuerki.ch\/en\/wp-json\/wp\/v2\/users\/1"}],"replies":[{"embeddable":true,"href":"https:\/\/www.mariobuerki.ch\/en\/wp-json\/wp\/v2\/comments?post=2377"}],"version-history":[{"count":3,"href":"https:\/\/www.mariobuerki.ch\/en\/wp-json\/wp\/v2\/avada_portfolio\/2377\/revisions"}],"predecessor-version":[{"id":2381,"href":"https:\/\/www.mariobuerki.ch\/en\/wp-json\/wp\/v2\/avada_portfolio\/2377\/revisions\/2381"}],"wp:featuredmedia":[{"embeddable":true,"href":"https:\/\/www.mariobuerki.ch\/en\/wp-json\/wp\/v2\/media\/2378"}],"wp:attachment":[{"href":"https:\/\/www.mariobuerki.ch\/en\/wp-json\/wp\/v2\/media?parent=2377"}],"wp:term":[{"taxonomy":"portfolio_category","embeddable":true,"href":"https:\/\/www.mariobuerki.ch\/en\/wp-json\/wp\/v2\/portfolio_category?post=2377"},{"taxonomy":"portfolio_skills","embeddable":true,"href":"https:\/\/www.mariobuerki.ch\/en\/wp-json\/wp\/v2\/portfolio_skills?post=2377"},{"taxonomy":"portfolio_tags","embeddable":true,"href":"https:\/\/www.mariobuerki.ch\/en\/wp-json\/wp\/v2\/portfolio_tags?post=2377"}],"curies":[{"name":"wp","href":"https:\/\/api.w.org\/{rel}","templated":true}]}}

<div class="fusion-fullwidth fullwidth-box fusion-builder-row-1 nonhundred-percent-fullwidth non-hundred-percent-height-scrolling" style="--awb-border-radius-top-left:0px;--awb-border-radius-top-right:0px;--awb-border-radius-bottom-right:0px;--awb-border-radius-bottom-left:0px;--awb-flex-wrap:wrap;" ><div class="fusion-builder-row fusion-row"><div class="fusion-layout-column fusion_builder_column fusion-builder-column-0 fusion_builder_column_1_2 1_2 fusion-one-half fusion-column-first" style="--awb-bg-size:cover;--awb-margin-bottom:0px;width:48%; margin-right: 4%;"><div class="fusion-column-wrapper fusion-flex-column-wrapper-legacy"><div class="fusion-text fusion-text-1"><p>UTINAM ist das lateinische Motto der Stadt Besançon und bedeutet «wenn nur» «alles gut wird». Das Werk entstand 2021 im Auftrag des Orchestre d’harmonie municipal de Besançon und ihrem Dirigenten Daniel Rollet aus Anlass des 80 Geburtstags des Orchesters. Das Werk beschreibt in 5 Sätzen einige Station der Geschichte des Musikvereins:<br />
1. Satz<br />
Wir sind mitten im zweiten Weltkrieg. Die Atmosphäre ist Dunkel. Und Doch, 1941 wird der Musikverein Orchestre d’harmonie municipal de Besançon gegründet. Wir hören die typischen Kriegsgeräusche wie Marschierende Truppen, Bombeneinschläge. Besançon wird jedoch von den Allierten befreit.</p>
<p>2. Satz<br />
Frieden. Es herrscht der Wiederaufbau, der Fortschritt, das Vergessen des Krieges, die 30 glorreichen Jahre beginnen.</p>
<p>3. Satz<br />
Die Ölkrise beginnt. In der Uhrenfabrik LIP beginnt der grosse Streik. Es beginnt die unkalkulierbare Zeit der Arbeitslosigkeit.</p>
<p>4. Satz<br />
Das Orchester nimmt an einem Wettbewerb teil. Eines der gespielten Stücke ist eine der Suiten von Holst. Das Orchester gewinnt einen Preis! Sie feiern ein grosses Fest!</p>
<p>5. Satz<br />
Dieser Satz ist der Jugend des Orchesters gewidmet: Mit vielen Einflüssen aus dem Jazz wirkt dieser Satz offen und modern. Die Blasmusik ist immer noch attraktiv für junge Leute!</p>
</div><div class="fusion-video fusion-youtube fusion-aligncenter" style="--awb-max-width:600px;--awb-max-height:360px;--awb-width:100%;"><div class="video-shortcode"><div class="fluid-width-video-wrapper" style="padding-top:60%;" ><iframe title="YouTube video player 1" src="https://www.youtube.com/embed/SHfSLM2SpEU?wmode=transparent&autoplay=0" width="600" height="360" allowfullscreen allow="autoplay; clipboard-write; encrypted-media; gyroscope; picture-in-picture;"></iframe></div></div></div><div class="fusion-clearfix"></div></div></div><div class="fusion-layout-column fusion_builder_column fusion-builder-column-1 fusion_builder_column_1_2 1_2 fusion-one-half fusion-column-last" style="--awb-bg-size:cover;width:48%;"><div class="fusion-column-wrapper fusion-flex-column-wrapper-legacy"><div class="fusion-image-element fusion-image-align-center in-legacy-container" style="text-align:center;--awb-caption-title-font-family:var(--h2_typography-font-family);--awb-caption-title-font-weight:var(--h2_typography-font-weight);--awb-caption-title-font-style:var(--h2_typography-font-style);--awb-caption-title-size:var(--h2_typography-font-size);--awb-caption-title-transform:var(--h2_typography-text-transform);--awb-caption-title-line-height:var(--h2_typography-line-height);--awb-caption-title-letter-spacing:var(--h2_typography-letter-spacing);"><div class="imageframe-align-center"><span class="fusion-imageframe imageframe-none imageframe-1 hover-type-none"><img decoding="async" width="729" height="1019" title="utinam_wb-tb" src="https://www.mariobuerki.ch/wp-content/uploads/2022/11/utinam_wb-tb.jpg" alt class="img-responsive wp-image-2378" srcset="https://www.mariobuerki.ch/wp-content/uploads/2022/11/utinam_wb-tb-200x280.jpg 200w, https://www.mariobuerki.ch/wp-content/uploads/2022/11/utinam_wb-tb-400x559.jpg 400w, https://www.mariobuerki.ch/wp-content/uploads/2022/11/utinam_wb-tb-600x839.jpg 600w, https://www.mariobuerki.ch/wp-content/uploads/2022/11/utinam_wb-tb.jpg 729w" sizes="(max-width: 800px) 100vw, 600px" /></span></div></div><div class="fusion-sep-clear"></div><div class="fusion-separator fusion-full-width-sep" style="margin-left: auto;margin-right: auto;margin-top:10px;margin-bottom:10px;width:100%;"></div><div class="fusion-sep-clear"></div><div class="fusion-button-wrapper"><a class="fusion-button button-flat fusion-button-default-size button-default fusion-button-default button-1 fusion-button-default-span fusion-button-default-type" target="_blank" rel="noopener noreferrer" href="https://musikverlag-frank.ch/userfiles/files/pdf/01mf-bb-wb/utinam_wb_demo.pdf"><i class="fa-file-pdf far awb-button__icon awb-button__icon--default button-icon-left" aria-hidden="true"></i><span class="fusion-button-text awb-button__text awb-button__text--default">Score</span></a></div><div class="fusion-button-wrapper"><a class="fusion-button button-flat fusion-button-default-size button-default fusion-button-default button-2 fusion-button-default-span fusion-button-default-type" target="_blank" rel="noopener noreferrer" href="https://musikverlag-frank.ch/userfiles/files/mp3/01mf-bb-wb/utinam_wb.mp3"><i class="fa-volume-up fas awb-button__icon awb-button__icon--default button-icon-left" aria-hidden="true"></i><span class="fusion-button-text awb-button__text awb-button__text--default">Audio</span></a></div><div class="fusion-clearfix"></div></div></div></div></div>
